{"id":10572,"date":"2024-02-12T15:57:57","date_gmt":"2024-02-12T13:57:57","guid":{"rendered":"https:\/\/regulastaempfli.eu\/wp-content\/uploads\/2024\/02\/Bildschirmfoto-2024-02-12-um-11.16.22.png"},"modified":"2024-02-12T16:09:58","modified_gmt":"2024-02-12T14:09:58","slug":"bildschirmfoto-2024-02-12-um-11-16-22","status":"inherit","type":"attachment","link":"https:\/\/regulastaempfli.eu\/?attachment_id=10572","title":{"rendered":"#HannahArendtLectures: Elemente und Urspr\u00fcnge digitaler Totalitarismen von Regula St\u00e4mpfli an der HSG, Universit\u00e4t St. Gallen FS\/SS 2024 \u00d6ffentliche Vorlesung. \u00dcber TikTok, Tanks &#038; (Media)Wars."},"author":1,"featured_media":0,"comment_status":"closed","ping_status":"closed","template":"","meta":{"_s2mail":""},"class_list":["post-10572","attachment","type-attachment","status-inherit","hentry"],"description":{"rendered":"<p class=\"attachment\"><a href='https:\/\/regulastaempfli.eu\/wp-content\/uploads\/2024\/02\/Bildschirmfoto-2024-02-12-um-11.16.22.png'><img loading=\"lazy\" decoding=\"async\" width=\"300\" height=\"239\" src=\"https:\/\/regulastaempfli.eu\/wp-content\/uploads\/2024\/02\/Bildschirmfoto-2024-02-12-um-11.16.22-300x239.png\" class=\"attachment-medium size-medium\" alt=\"#HannahArendtLectures: Elemente und Urspr\u00fcnge digitaler Totalitarismen von Regula St\u00e4mpfli an der HSG, Universit\u00e4t St. Gallen FS\/SS 2024 \u00d6ffentliche Vorlesung. \u00dcber TikTok, Tanks &amp; (Media)Wars.\" srcset=\"https:\/\/regulastaempfli.eu\/wp-content\/uploads\/2024\/02\/Bildschirmfoto-2024-02-12-um-11.16.22-300x239.png 300w, https:\/\/regulastaempfli.eu\/wp-content\/uploads\/2024\/02\/Bildschirmfoto-2024-02-12-um-11.16.22-1024x817.png 1024w, https:\/\/regulastaempfli.eu\/wp-content\/uploads\/2024\/02\/Bildschirmfoto-2024-02-12-um-11.16.22-768x613.png 768w, https:\/\/regulastaempfli.eu\/wp-content\/uploads\/2024\/02\/Bildschirmfoto-2024-02-12-um-11.16.22-1536x1226.png 1536w, https:\/\/regulastaempfli.eu\/wp-content\/uploads\/2024\/02\/Bildschirmfoto-2024-02-12-um-11.16.22-376x300.png 376w, https:\/\/regulastaempfli.eu\/wp-content\/uploads\/2024\/02\/Bildschirmfoto-2024-02-12-um-11.16.22.png 1870w\" sizes=\"auto, (max-width: 300px) 100vw, 300px\" \/><\/a><\/p>\n<p>#HannahArendtLectures: Elemente und Urspr\u00fcnge digitaler Totalitarismen von Regula St\u00e4mpfli an der HSG, Universit\u00e4t St. Gallen FS\/SS 2024 \u00d6ffentliche Vorlesung. \u00dcber TikTok, Tanks &#038; (Media)Wars.<\/p>\n"},"caption":{"rendered":"<p>#HannahArendtLectures: Elemente und Urspr\u00fcnge digitaler Totalitarismen von Regula St\u00e4mpfli an der HSG, Universit\u00e4t St. Gallen FS\/SS 2024 \u00d6ffentliche Vorlesung. \u00dcber TikTok, Tanks &#038; (Media)Wars. <a href=\"https:\/\/regulastaempfli.eu\/?attachment_id=10572\">Weiterlesen <span class=\"meta-nav\">&rarr;<\/span><\/a><\/p>\n"},"alt_text":"#HannahArendtLectures: Elemente und Urspr\u00fcnge digitaler Totalitarismen von Regula St\u00e4mpfli an der HSG, Universit\u00e4t St. Gallen FS\/SS 2024 \u00d6ffentliche Vorlesung. \u00dcber TikTok, Tanks & (Media)Wars.","media_type":"image","mime_type":"image\/png","media_details":{"width":1870,"height":1492,"file":"2024\/02\/Bildschirmfoto-2024-02-12-um-11.16.22.png","sizes":{"medium":{"file":"Bildschirmfoto-2024-02-12-um-11.16.22-300x239.png","width":300,"height":239,"mime_type":"image\/png","source_url":"https:\/\/regulastaempfli.eu\/wp-content\/uploads\/2024\/02\/Bildschirmfoto-2024-02-12-um-11.16.22-300x239.png"},"large":{"file":"Bildschirmfoto-2024-02-12-um-11.16.22-1024x817.png","width":1024,"height":817,"mime_type":"image\/png","source_url":"https:\/\/regulastaempfli.eu\/wp-content\/uploads\/2024\/02\/Bildschirmfoto-2024-02-12-um-11.16.22-1024x817.png"},"thumbnail":{"file":"Bildschirmfoto-2024-02-12-um-11.16.22-150x150.png","width":150,"height":150,"mime_type":"image\/png","source_url":"https:\/\/regulastaempfli.eu\/wp-content\/uploads\/2024\/02\/Bildschirmfoto-2024-02-12-um-11.16.22-150x150.png"},"medium_large":{"file":"Bildschirmfoto-2024-02-12-um-11.16.22-768x613.png","width":768,"height":613,"mime_type":"image\/png","source_url":"https:\/\/regulastaempfli.eu\/wp-content\/uploads\/2024\/02\/Bildschirmfoto-2024-02-12-um-11.16.22-768x613.png"},"1536x1536":{"file":"Bildschirmfoto-2024-02-12-um-11.16.22-1536x1226.png","width":1536,"height":1226,"mime_type":"image\/png","source_url":"https:\/\/regulastaempfli.eu\/wp-content\/uploads\/2024\/02\/Bildschirmfoto-2024-02-12-um-11.16.22-1536x1226.png"},"post-thumbnail":{"file":"Bildschirmfoto-2024-02-12-um-11.16.22-1000x288.png","width":1000,"height":288,"mime_type":"image\/png","source_url":"https:\/\/regulastaempfli.eu\/wp-content\/uploads\/2024\/02\/Bildschirmfoto-2024-02-12-um-11.16.22-1000x288.png"},"large-feature":{"file":"Bildschirmfoto-2024-02-12-um-11.16.22-1000x288.png","width":1000,"height":288,"mime_type":"image\/png","source_url":"https:\/\/regulastaempfli.eu\/wp-content\/uploads\/2024\/02\/Bildschirmfoto-2024-02-12-um-11.16.22-1000x288.png"},"small-feature":{"file":"Bildschirmfoto-2024-02-12-um-11.16.22-376x300.png","width":376,"height":300,"mime_type":"image\/png","source_url":"https:\/\/regulastaempfli.eu\/wp-content\/uploads\/2024\/02\/Bildschirmfoto-2024-02-12-um-11.16.22-376x300.png"},"full":{"file":"Bildschirmfoto-2024-02-12-um-11.16.22.png","width":1870,"height":1492,"mime_type":"image\/png","source_url":"https:\/\/regulastaempfli.eu\/wp-content\/uploads\/2024\/02\/Bildschirmfoto-2024-02-12-um-11.16.22.png"}},"image_meta":{"aperture":"0","credit":"","camera":"","caption":"","created_timestamp":"0","copyright":"","focal_length":"0","iso":"0","shutter_speed":"0","title":"","orientation":"0","keywords":[]}},"post":null,"source_url":"https:\/\/regulastaempfli.eu\/wp-content\/uploads\/2024\/02\/Bildschirmfoto-2024-02-12-um-11.16.22.png","_links":{"self":[{"href":"https:\/\/regulastaempfli.eu\/index.php?rest_route=\/wp\/v2\/media\/10572","targetHints":{"allow":["GET"]}}],"collection":[{"href":"https:\/\/regulastaempfli.eu\/index.php?rest_route=\/wp\/v2\/media"}],"about":[{"href":"https:\/\/regulastaempfli.eu\/index.php?rest_route=\/wp\/v2\/types\/attachment"}],"author":[{"embeddable":true,"href":"https:\/\/regulastaempfli.eu\/index.php?rest_route=\/wp\/v2\/users\/1"}],"replies":[{"embeddable":true,"href":"https:\/\/regulastaempfli.eu\/index.php?rest_route=%2Fwp%2Fv2%2Fcomments&post=10572"}]}}

#HannahArendtLectures: Elemente und Ursprünge digitaler Totalitarismen von Regula Stämpfli an der HSG, Universität St. Gallen FS/SS 2024 Öffentliche Vorlesung. Über TikTok, Tanks &#038; (Media)Wars.

<p class="attachment"><a href='https://regulastaempfli.eu/wp-content/uploads/2024/02/Bildschirmfoto-2024-02-12-um-11.16.22.png'><img loading="lazy" decoding="async" width="300" height="239" src="https://regulastaempfli.eu/wp-content/uploads/2024/02/Bildschirmfoto-2024-02-12-um-11.16.22-300x239.png" class="attachment-medium size-medium" alt="#HannahArendtLectures: Elemente und Ursprünge digitaler Totalitarismen von Regula Stämpfli an der HSG, Universität St. Gallen FS/SS 2024 Öffentliche Vorlesung. Über TikTok, Tanks &amp; (Media)Wars." srcset="https://regulastaempfli.eu/wp-content/uploads/2024/02/Bildschirmfoto-2024-02-12-um-11.16.22-300x239.png 300w, https://regulastaempfli.eu/wp-content/uploads/2024/02/Bildschirmfoto-2024-02-12-um-11.16.22-1024x817.png 1024w, https://regulastaempfli.eu/wp-content/uploads/2024/02/Bildschirmfoto-2024-02-12-um-11.16.22-768x613.png 768w, https://regulastaempfli.eu/wp-content/uploads/2024/02/Bildschirmfoto-2024-02-12-um-11.16.22-1536x1226.png 1536w, https://regulastaempfli.eu/wp-content/uploads/2024/02/Bildschirmfoto-2024-02-12-um-11.16.22-376x300.png 376w, https://regulastaempfli.eu/wp-content/uploads/2024/02/Bildschirmfoto-2024-02-12-um-11.16.22.png 1870w" sizes="auto, (max-width: 300px) 100vw, 300px" /></a></p>
<p>#HannahArendtLectures: Elemente und Ursprünge digitaler Totalitarismen von Regula Stämpfli an der HSG, Universität St. Gallen FS/SS 2024 Öffentliche Vorlesung. Über TikTok, Tanks &#038; (Media)Wars.</p>

<p>#HannahArendtLectures: Elemente und Ursprünge digitaler Totalitarismen von Regula Stämpfli an der HSG, Universität St. Gallen FS/SS 2024 Öffentliche Vorlesung. Über TikTok, Tanks &#038; (Media)Wars. <a href="https://regulastaempfli.eu/?attachment_id=10572">Weiterlesen <span class="meta-nav">&rarr;</span></a></p>

#HannahArendtLectures: Elemente und Ursprünge digitaler Totalitarismen von Regula Stämpfli an der HSG, Universität St. Gallen FS/SS 2024 Öffentliche Vorlesung. Über TikTok, Tanks & (Media)Wars.
